(k) = 46*k**2 - 5*k + 4. Let s be b(5). Suppose -5*r + 1504 = 4*t, -2*t + 5*t - s = -4*r. Is t a prime number?
False
Suppose 2*m - 32 = -216. Let w = 31 - m. Is 2/8 - w/(-4) prime?
True
Suppose 3*s - 2*r - 1781 = 0, -5*s + s = -5*r - 2377. Is s a composite number?
False
Let l = -12 - -15. Suppose 0*f = 4*f - 1012. Suppose 6*n - 4*m - f = l*n, 0 = n - 2*m - 83. Is n composite?
True
Let z(j) = j**2 - j - 5. Let t be z(5). Suppose -5*h + t = 0, -2*h + 6 = 3*x + 15. Let p = x + 8. Is p composite?
False
Suppose -4*u = 2*j + 32, 4*u - 99 = 5*j - 19. Let t = j + 29. Is t a composite number?
False
Let c(q) = -1905*q - 19. Is c(-2) a prime number?
False
Is (-2)/(-19) - (-400449)/133 a composite number?
False
Let f(y) = 11*y**2 - 4*y + 5. Let q be f(4). Suppose 4*p - g = -825, -617 = 3*p - 0*g + g. Let w = q - p. Is w prime?
False
Suppose 7*z - 110 = 5*z. Is z prime?
False
Let u(k) = -96*k - 19. Is u(-20) prime?
True
Let i = 91 - 17. Is i composite?
True
Let m(y) = 9*y**2 + y - 1. Let q be (2/(-6))/(1/(-3)). Let k be m(q). Suppose o - k = -3. Is o composite?
True
Let t(o) = -70*o + 7. Let l be ((-3)/5)/((-9)/(-45)). Is t(l) prime?
False
Let p(i) = i**3 - 12*i**2 - 16*i + 8. Let b = -1 + 16. Is p(b) a composite number?
False
Let f be 9/(-12) + 1473/12. Suppose 0 = -p - 0*p + f. Is p prime?
False
Let d(z) = 2*z**2 - 2*z - 6. Let f be d(6). Let c = f + -19. Is c composite?
True
Suppose -4*o + 4*b + 16 = -o, -5*o + 3*b + 45 = 0. Suppose 4*i + o = 104. Is i a prime number?
True
Suppose -6*t + 4*t = 6. Let u be 6/(-9) - 14/t. Suppose 4*s - 77 = -3*j + u*j, -2*j - 21 = -s. Is s prime?
True
Let n(u) = u**3 - u + 649. Is n(0) a composite number?
True
Let j(o) = 7*o - 2. Suppose 5*m - 24 + 4 = 0. Suppose 2*w + m - 10 = 0. Is j(w) prime?
True
Suppose -2 = 3*n - 11, 3*p + 5*n - 24 = 0. Suppose -5*q - 3 = 4*g, 0 = 2*q - p*q - 3. Is g a prime number?
True
Let d be 1862/15 - 16/120. Suppose 60 + d = 4*z. Is z a prime number?
False
Let d = 2 - 2. Let i = d + 0. Suppose 2*h + 3*z - 61 = 0, 108 = 3*h - i*z - z. Is h a composite number?
True
Let d = -1189 + 2192. Is d composite?
True
Suppose -4*i = i + 10. Let v = 8 + i. Is v a prime number?
False
Let a(o) = 11*o**2 - o - 5. Is a(5) a prime number?
False
Let u(d) = -6*d**2 - 3*d + 6. Let c(m) = -4*m**2 - 2*m + 4. Let k(w) = -7*c(w) + 5*u(w). Let o(n) be the first derivative of k(n). Is o(-5) a composite number?
False
Let i(x) = 2*x**2 + x - 4. Let n be i(-2). Is n + (5 + -2 - -32) a composite number?
False
Suppose 3*a + 4*l + 5 = 0, 3*a - l = -0*l - 10. Let v be 1/3 + (-119)/a. Suppose -2*h + v = 2*h. Is h a composite number?
True
Suppose -4 = -3*z + 2*z. Suppose z*j + 4 = -0*j. Is 1/(j/(-1)) + 20 a composite number?
True
Let h(w) = 8*w**2 - w - 4. Is h(-3) prime?
True
Suppose 0 - 6 = -3*y. Let l = 9 + y. Is l composite?
False
Let w = 1331 - 208. Is w prime?
True
Let q be 1 + 1 - (-12)/4. Suppose -3*r - 742 = -5*h, q*h + 5*r = 1082 - 332. Is h a prime number?
True
Suppose 4*w - 5*p = 6386, 0 = 3*w - 0*p + 3*p - 4803. Let m = w + -1126. Is m a composite number?
True
Suppose -z - 44 = -q - 0*q, 0 = 3*z + 12. Suppose -2*o + 4*o + q = 0. Let l = 34 + o. Is l a composite number?
True
Let v = -324 + 205. Let x = v - -204. Is x prime?
False
Let m(o) = 33*o - 4. Let t = 23 - 0. Suppose 0 = -3*j + t - 8. Is m(j) prime?
False
Suppose -3*l + 0*l - 5*r = -18, -2*r + 4 = -2*l. Suppose 3*d = 4 - l. Let s = d - -18. Is s a composite number?
False
Let w(x) = 13*x**2 + 20*x - 31. Is w(-10) composite?
False
Suppose -2*h + 4 = -0. Let u be (2/(-6))/(h/(-18)). Suppose 4*f = -4*w + 156, 2*w - 191 = -3*w - u*f. Is w composite?
False
Let i = -48 + 34. Is (-2277)/(-21) - 8/i prime?
True
Let o be (13/2)/(6/588). Suppose u - 119 = -0*u + 4*t, -o = -5*u - t. Is u a prime number?
True
Let r be ((-2)/(-4))/((-2)/(-12)). Suppose -3*k = 2*o - 369, 0 = -2*o + 3*o + r. Let n = k + -58. Is n prime?
True
Let g = 274 + -156. Is g a prime number?
False
Suppose 0*c = 5*c - 980. Let p = c - 129. Is p prime?
True
Let a(z) = -z + 8. Let s be a(6). Suppose 2*q + 4*d - 101 = -35, s*d = 4*q - 152. Is q composite?
False
Let y be (-24)/3*1 - (4 + -4). Let n = -14 - -8. Is n/1*52/y prime?
False
Let z(c) = 18*c**2 - 4*c + 7. Is z(-6) a composite number?
True
Suppose 14*k - 11*k = 5331. Is k a prime number?
True
Let f = -93 + 206. Is f a composite number?
False
Let n(y) = 35*y - 16. Is n(13) a prime number?
True
Suppose 0 = -2*c + 4*t + 390, 3*c - 326 = -2*t + 243. Is c composite?
False
Suppose 1 = w - 294. Is w a composite number?
True
Let r(h) = -h - 6. Let i be -2 + 3/(-6)*2. Let u be r(i). Let x(y) = -3*y**3 - 4*y**2 - 2*y - 2. Is x(u) a composite number?
True
Suppose -y - 199 = -2*y. Is y composite?
False
Let c(t) = -9*t**3 - 3*t**2 - 6*t - 7. Let l be c(-3). Suppose -4*n = -l - 89. Is n composite?
False
Let m = -54 - -313. Suppose 4*q = 3*q + m. Is q a prime number?
False
Let c(h) = -h**2 - 9*h - 9. Let g(z) = -2*z**2 - 17*z - 17. Let w(l) = 5*c(l) - 3*g(l). Suppose 0 = 5*s - 25 + 70. Is w(s) a composite number?
True
Suppose 0 = -3*a + 3*u - 27, -4*a + 3*a = -3*u + 19. Let i(y) = -2*y - 6. Let p be i(a). Suppose p*v - 669 = -v. Is v a composite number?
False
Let z(y) = 3*y**2 - 29*y - 11. Is z(-19) prime?
False
Suppose 4*q - x = -6, x + 10 = -5*q + q. Is q/(4 + -2)*-157 composite?
False
Let s(h) = 8*h**2 - h - 2. Is s(-5) a prime number?
False
Let n = 645 + -264. Is n prime?
False
Let i(h) = 54*h**2 + h. Suppose 0 = -4*r + 2*r - g, 13 = -3*r + 5*g. Is i(r) a composite number?
False
Is (-2)/(-9) - ((-2330)/45 + -3) a prime number?
False
Let l(h) = -9*h - 1. Let i be ((-11)/(-2))/(5/10). Let r(u) = u - 15. Let d be r(i). Is l(d) a prime number?
False
Let l(q) = -q + 2. Let v be (-1)/3 + (-2)/(-6). Let c be l(v). Is ((-69)/12)/(c/(-40)) a composite number?
True
Suppose 4*g - 338 = 186. Is g a prime number?
True
Suppose 2*w + 4*n = -11 + 1, 3*w + 5*n = -10. Suppose w*t - 77 = 98. Is t composite?
True
Let h(m) = 58*m**3 + 3*m**2 + 2*m**2 + 5 - 59*m**3. Suppose -3*g = -0*g - 12. Is h(g) prime?
False
Let c = 115 + -471. Suppose 0*w + 6*w = -3066. Let i = c - w. Is i a composite number?
True
Let q(v) = v - 8. Let z be q(6). Let i be -1 + 2 - -6*4. Is i - ((z - 0) + 1) a prime number?
False
Let m = 1 - -12. Is m prime?
True
Suppose 0 = -3*x - c + 609, x - 6*x - 5*c + 1015 = 0. Is x prime?
False
Suppose 3*p - 10 = 3*o + 2, 3*p = -5*o - 4. Is ((-20)/12 + p)*171 composite?
True
Let g(w) = -w**3 + 9*w**2 + 9*w. Is g(7) a prime number?
False
Suppose 4*d = -u + 2*d + 528, -4*d = 4*u - 2092. Suppose 0*b = -2*b - u. Let a = 368 + b. Is a a composite number?
False
Suppose -5*w = -2*w - 12. Is (2/3)/(w/114) a composite number?
False
Is 0 - 0 - (-172 - 6) composite?
True
Suppose -n + 18 = -m - 5*n, 8 = -2*n. Is 0/(-3 - m) + 21 a composite number?
True
Let i = -3 + 6. Let t be (-1)/i + (-10)/(-3). Suppose -9 = t*f, 18 = -4*c + 2*f + 80. Is c a composite number?
True
Let t(d) = 20*d - 9. Is t(10) a prime number?
True
Suppose 2*x = 4*x - 1266. Let o(i) = i + 7. Let h be o(-5). Suppose 5*l - h*l - x = 0. Is l composite?
False
Suppose -z + 3*l = -6, -2*z + 7*z - 3*l - 30 = 0. Suppose 5*d + 3*x - 72 = 0, -2*x = 2*d - 34 + z. Is d composite?
True
Suppose 3*a = 70 + 131. Is a a prime number?
True
Is ((-55)/22)/(2/(-548)) a prime number?
False
Let w(r) = 3*r**2 + 17*r + 21. Is w(-16) prime?
False
Let d = 2 - 0. Let q = 11 + d. Is q composite?
False
Suppose 5*r - 6 = -5*v - 26, r + 4 = 5*v. Let x = v - -46. Is x composite?
True
Let l(q) = q - 5. Let r be l(7). Suppose f - 2*m = 89, r*f - 110 = m + 53. Is f composite?
False
Suppose -15 = -f - 4*x, 0 = -4*x + 4 + 4. Suppose -2*j = -f*j. Suppose j*u = -3*u - 5*b + 293, -269 = -3*u + b. Is u a prime number?
False
Suppose 77 = 5*g - 338. Is g a composite number?
False
Suppose -12 - 722 = -2*y. Is y prime?
True
Suppose 0 = -4*p + 3*p - 4*v + 61, 0 = 5*p - 5*v - 255. Is p a composite number?
False
Suppose 0 = -5*a + 195 + 55. Suppose -7*q = -2*q + a. Let m(n) = -n**3 - 10*n**2 - 8*n + 3. Is m(q) prime?
True
Suppose x - 87 - 36 = 0. Let s = 334 - x. Is s a prime number?
True
Is (-2 - (-1654 + -3 + -2))/1 a prime number?
True
Suppose -2*x + 733 = -3*m, 3*m - 546 = 3*x - 1650. Is x a prime number?
False
Let i(u) = -u**2 + 9*u + 3. Let s be i(8). Su